{"id":12,"date":"2023-03-27T10:17:51","date_gmt":"2023-03-27T10:17:51","guid":{"rendered":"https:\/\/globalegm.com\/?page_id=12"},"modified":"2023-06-30T12:02:02","modified_gmt":"2023-06-30T12:02:02","slug":"inicio","status":"publish","type":"page","link":"https:\/\/globalegm.com\/","title":{"rendered":"Inicio"},"content":{"rendered":"\n<div class=\"wp-duotone-000000-f6f6f6-10 wp-block-cover alignfull is-light\" style=\"padding-top:var(--wp--preset--spacing--20);padding-right:var(--wp--preset--spacing--20);padding-bottom:var(--wp--preset--spacing--20);padding-left:var(--wp--preset--spacing--20);min-height:542px\"><span aria-hidden=\"true\" class=\"wp-block-cover__background has-background-dim-40 has-background-dim has-background-gradient has-vertical-secondary-to-background-gradient-background\"><\/span><div class=\"wp-block-cover__inner-container\">\n<p class=\"has-text-align-center has-foreground-color has-text-color has-x-large-font-size\" style=\"margin-top:0;margin-right:0;margin-bottom:0;margin-left:0\"><img decoding=\"async\" loading=\"lazy\" width=\"819\" height=\"649\" class=\"wp-image-105\" style=\"width: 40px;\" src=\"http:\/\/globalegm.com\/wp-content\/uploads\/2023\/04\/Triangulo_white.png\" alt=\"\" srcset=\"https:\/\/globalegm.com\/wp-content\/uploads\/2023\/04\/Triangulo_white.png 819w, https:\/\/globalegm.com\/wp-content\/uploads\/2023\/04\/Triangulo_white-300x238.png 300w, https:\/\/globalegm.com\/wp-content\/uploads\/2023\/04\/Triangulo_white-768x609.png 768w\" sizes=\"(max-width: 819px) 100vw, 819px\" \/> global<strong>EGM<\/strong> <img decoding=\"async\" loading=\"lazy\" width=\"373\" height=\"368\" class=\"wp-image-107\" style=\"width: 30px;\" src=\"http:\/\/globalegm.com\/wp-content\/uploads\/2023\/04\/logo_white.png\" alt=\"\" srcset=\"https:\/\/globalegm.com\/wp-content\/uploads\/2023\/04\/logo_white.png 373w, https:\/\/globalegm.com\/wp-content\/uploads\/2023\/04\/logo_white-300x296.png 300w\" sizes=\"(max-width: 373px) 100vw, 373px\" \/> <\/p>\n\n\n\n<p class=\"has-text-align-center has-foreground-color has-text-color\" style=\"font-size:26px\">Microconsultor\u00eda multitarea orientada a empresas <\/p>\n\n\n\n<p class=\"has-text-align-center has-foreground-color has-text-color has-medium-font-size\" style=\"margin-top:0;margin-right:0;margin-bottom:0;margin-left:0\"><\/p>\n\n\n\n<p class=\"has-text-align-center has-foreground-color has-text-color has-small-font-size\"><mark style=\"background-color:rgba(0, 0, 0, 0)\" class=\"has-inline-color has-foreground-color\">globalEGM<\/mark> es un proyecto que nace con una propuesta de valor basada siempre en tres principios:<\/p>\n\n\n\n<div class=\"wp-block-group has-background is-layout-constrained wp-container-1\" style=\"border-style:none;border-width:0px;border-top-left-radius:0px;border-top-right-radius:100px;border-bottom-left-radius:100px;border-bottom-right-radius:0px;background:linear-gradient(151deg,rgb(17,97,143) 13%,rgb(72,0,109) 76%);padding-top:0;padding-right:0;padding-bottom:0;padding-left:0\">\n<figure class=\"wp-block-image aligncenter size-full has-custom-border\"><img decoding=\"async\" src=\"https:\/\/globalegm.com\/wp-content\/uploads\/2023\/06\/3-Principios-globalEGM-1.svg\" alt=\"\" class=\"wp-image-265\" style=\"border-radius:25px\"\/><\/figure>\n<\/div>\n\n\n\n<p class=\"has-text-align-center has-foreground-color has-text-color\" style=\"margin-top:var(--wp--preset--spacing--50);margin-right:var(--wp--preset--spacing--50);margin-bottom:var(--wp--preset--spacing--30);margin-left:var(--wp--preset--spacing--50);line-height:1.5\">Consiste en prestar todo nuestro conocimiento, formaci\u00f3n y experiencia, a clientes de diferentes sectores en forma de microconsultor\u00eda o consultor\u00eda de nicho. <\/p>\n\n\n\n<p class=\"has-text-align-center has-foreground-color has-text-color\" style=\"margin-top:var(--wp--preset--spacing--30);margin-right:var(--wp--preset--spacing--50);margin-bottom:var(--wp--preset--spacing--30);margin-left:var(--wp--preset--spacing--50)\">Las soluciones que ofrece globalEGM van enfocadas a proporcionar herramientas y recursos destinados a proyectos que quiera externalizar una empresa. <\/p>\n\n\n\n<p class=\"has-text-align-center has-foreground-color has-text-color\" style=\"margin-top:var(--wp--preset--spacing--30);margin-right:var(--wp--preset--spacing--50);margin-bottom:var(--wp--preset--spacing--80);margin-left:var(--wp--preset--spacing--50);line-height:1.5\">Se trata de paquetes de consultas mucho m\u00e1s puntuales que la consultor\u00eda tradicional. Algunos servicios se miden en semanas o incluso d\u00edas.<\/p>\n\n\n\n<p style=\"padding-top:var(--wp--preset--spacing--60);padding-right:var(--wp--preset--spacing--60);padding-bottom:var(--wp--preset--spacing--60);padding-left:var(--wp--preset--spacing--60)\">  <\/p>\n\n\n\n<p style=\"padding-top:0;padding-right:0;padding-bottom:0;padding-left:0\">  <\/p>\n\n\n\n<div class=\"wp-block-group has-background is-layout-constrained wp-container-2\" style=\"border-style:none;border-width:0px;border-top-left-radius:900px;border-top-right-radius:0px;border-bottom-left-radius:0px;border-bottom-right-radius:900px;background:linear-gradient(135deg,rgb(2,40,156) 0%,rgb(70,22,116) 91%);padding-top:var(--wp--preset--spacing--40);padding-right:var(--wp--preset--spacing--40);padding-bottom:var(--wp--preset--spacing--40);padding-left:var(--wp--preset--spacing--40)\">\n<p class=\"has-text-align-center\" style=\"font-size:25px\"><mark style=\"background-color:rgba(0, 0, 0, 0)\" class=\"has-inline-color has-foreground-color\"><strong>Propuesta de valor <mark style=\"background-color:rgba(0, 0, 0, 0)\" class=\"has-inline-color has-foreground-color\"><img decoding=\"async\" loading=\"lazy\" width=\"819\" height=\"649\" class=\"wp-image-157\" style=\"width: 35px;\" src=\"http:\/\/globalegm.com\/wp-content\/uploads\/2023\/05\/Logo_1White.png\" alt=\"\" srcset=\"https:\/\/globalegm.com\/wp-content\/uploads\/2023\/05\/Logo_1White.png 819w, https:\/\/globalegm.com\/wp-content\/uploads\/2023\/05\/Logo_1White-300x238.png 300w, https:\/\/globalegm.com\/wp-content\/uploads\/2023\/05\/Logo_1White-768x609.png 768w\" sizes=\"(max-width: 819px) 100vw, 819px\" \/><\/mark> <\/strong><\/mark><\/p>\n<\/div>\n\n\n\n<div class=\"wp-block-group alignfull is-layout-constrained wp-container-7\" id=\"services\" style=\"border-style:none;border-width:0px;padding-top:0px;padding-right:0;padding-bottom:176px\">\n<div class=\"wp-block-columns is-layout-flex wp-container-6\" style=\"margin-top:13px\">\n<div class=\"wp-block-column is-layout-flow wp-container-3\">\n<figure class=\"wp-block-image size-full has-custom-border is-style-default\"><img decoding=\"async\" src=\"https:\/\/globalegm.com\/wp-content\/uploads\/2023\/06\/Propuesta-de-valor-7.svg\" alt=\"\" class=\"wp-image-496\" style=\"border-style:none;border-width:0px;border-radius:0px\"\/><\/figure>\n\n\n\n<h3 class=\"wp-block-heading has-text-align-center\" style=\"margin-top:16px\"><\/h3>\n\n\n\n<p><\/p>\n<\/div>\n\n\n\n<div class=\"wp-block-column is-layout-flow wp-container-4\">\n<figure class=\"wp-block-image size-full\"><img decoding=\"async\" src=\"https:\/\/globalegm.com\/wp-content\/uploads\/2023\/06\/Propuesta-de-valor-8.svg\" alt=\"\" class=\"wp-image-497\"\/><\/figure>\n\n\n\n<h3 class=\"wp-block-heading has-text-align-center\" style=\"margin-top:16px\"><\/h3>\n\n\n\n<p><\/p>\n<\/div>\n\n\n\n<div class=\"wp-block-column is-layout-flow wp-container-5\">\n<figure class=\"wp-block-image size-full\"><img decoding=\"async\" src=\"https:\/\/globalegm.com\/wp-content\/uploads\/2023\/06\/Propuesta-de-valor-10-3.svg\" alt=\"\" class=\"wp-image-499\"\/><\/figure>\n\n\n\n<h3 class=\"wp-block-heading has-text-align-center\" style=\"margin-top:0px\"><\/h3>\n\n\n\n<p style=\"margin-bottom:7.3rem\"><\/p>\n<\/div>\n<\/div>\n<\/div>\n\n\n\n<div class=\"wp-block-group has-background is-layout-constrained wp-container-8\" style=\"border-top-left-radius:0px;border-top-right-radius:900px;border-bottom-left-radius:900px;border-bottom-right-radius:0px;border-right-style:none;border-right-width:0px;border-bottom-style:none;border-bottom-width:0px;border-left-style:none;border-left-width:0px;background:linear-gradient(135deg,rgb(2,40,156) 0%,rgb(70,22,116) 91%);padding-top:var(--wp--preset--spacing--40);padding-right:var(--wp--preset--spacing--40);padding-bottom:var(--wp--preset--spacing--40);padding-left:var(--wp--preset--spacing--40)\">\n<p class=\"has-text-align-center\" style=\"font-size:37px\"><img decoding=\"async\" loading=\"lazy\" width=\"819\" height=\"649\" class=\"wp-image-105\" style=\"width: 60px;\" src=\"http:\/\/globalegm.com\/wp-content\/uploads\/2023\/04\/Triangulo_white.png\" alt=\"\" srcset=\"https:\/\/globalegm.com\/wp-content\/uploads\/2023\/04\/Triangulo_white.png 819w, https:\/\/globalegm.com\/wp-content\/uploads\/2023\/04\/Triangulo_white-300x238.png 300w, https:\/\/globalegm.com\/wp-content\/uploads\/2023\/04\/Triangulo_white-768x609.png 768w\" sizes=\"(max-width: 819px) 100vw, 819px\" \/>   <img decoding=\"async\" loading=\"lazy\" width=\"819\" height=\"649\" class=\"wp-image-202\" style=\"width: 60px;\" src=\"http:\/\/globalegm.com\/wp-content\/uploads\/2023\/06\/Logo_1White-1.png\" alt=\"\" srcset=\"https:\/\/globalegm.com\/wp-content\/uploads\/2023\/06\/Logo_1White-1.png 819w, https:\/\/globalegm.com\/wp-content\/uploads\/2023\/06\/Logo_1White-1-300x238.png 300w, https:\/\/globalegm.com\/wp-content\/uploads\/2023\/06\/Logo_1White-1-768x609.png 768w\" sizes=\"(max-width: 819px) 100vw, 819px\" \/>   <img decoding=\"async\" loading=\"lazy\" width=\"373\" height=\"368\" class=\"wp-image-107\" style=\"width: 50px;\" src=\"http:\/\/globalegm.com\/wp-content\/uploads\/2023\/04\/logo_white.png\" alt=\"\" srcset=\"https:\/\/globalegm.com\/wp-content\/uploads\/2023\/04\/logo_white.png 373w, https:\/\/globalegm.com\/wp-content\/uploads\/2023\/04\/logo_white-300x296.png 300w\" sizes=\"(max-width: 373px) 100vw, 373px\" \/><\/p>\n<\/div>\n\n\n\n<div class=\"wp-block-group has-background is-layout-constrained wp-container-9\" style=\"border-style:none;border-width:0px;border-top-left-radius:900px;border-top-right-radius:0px;border-bottom-left-radius:0px;border-bottom-right-radius:900px;background:linear-gradient(24deg,rgb(2,40,156) 0%,rgb(70,22,116) 91%);padding-top:var(--wp--preset--spacing--50);padding-right:var(--wp--preset--spacing--50);padding-bottom:var(--wp--preset--spacing--50);padding-left:var(--wp--preset--spacing--50)\">\n<p class=\"has-text-align-center\" style=\"font-size:26px\"><mark style=\"background-color:rgba(0, 0, 0, 0)\" class=\"has-inline-color has-foreground-color\"><strong>Sobre globalEGM <\/strong><\/mark><\/p>\n<\/div>\n<\/div><\/div>\n\n\n\n<figure class=\"wp-block-image aligncenter size-full\"><img decoding=\"async\" src=\"https:\/\/globalegm.com\/wp-content\/uploads\/2023\/06\/about-us-EGM-6.svg\" alt=\"\" class=\"wp-image-485\"\/><\/figure>\n\n\n\n<div class=\"wp-block-group alignfull is-layout-constrained wp-container-15\" id=\"whyus\" style=\"padding-top:239px;padding-bottom:127px\">\n<h2 class=\"wp-block-heading has-text-align-center\" style=\"font-size:33px\"><img decoding=\"async\" loading=\"lazy\" width=\"373\" height=\"368\" class=\"wp-image-145\" style=\"width: 30px;\" src=\"http:\/\/globalegm.com\/wp-content\/uploads\/2023\/05\/logo_white.png\" alt=\"\" srcset=\"https:\/\/globalegm.com\/wp-content\/uploads\/2023\/05\/logo_white.png 373w, https:\/\/globalegm.com\/wp-content\/uploads\/2023\/05\/logo_white-300x296.png 300w\" sizes=\"(max-width: 373px) 100vw, 373px\" \/> Principios de <strong>global<\/strong>EGM <\/h2>\n\n\n\n<div class=\"wp-block-columns is-layout-flex wp-container-14\" style=\"margin-top:60px\">\n<div class=\"wp-block-column is-layout-flow wp-container-11\">\n<figure class=\"wp-block-image aligncenter size-large\"><img decoding=\"async\" src=\"https:\/\/globalegm.com\/wp-content\/themes\/astra\/inc\/assets\/images\/starter-content\/passionate.svg\" alt=\"\" class=\"wp-image-162\"\/><\/figure>\n\n\n\n<h3 class=\"wp-block-heading has-text-align-center\" style=\"margin-top:16px\">Actitud<\/h3>\n\n\n\n<p class=\"has-text-align-center\">GlobalEGM se basa en pasi\u00f3n y actitud positiva con todos sus proyectos, donde los problemas se convierten en retos. <\/p>\n<\/div>\n\n\n\n<div class=\"wp-block-column is-layout-flow wp-container-12\">\n<figure class=\"wp-block-image aligncenter size-large\"><img decoding=\"async\" src=\"https:\/\/globalegm.com\/wp-content\/themes\/astra\/inc\/assets\/images\/starter-content\/professional.svg\" alt=\"\" class=\"wp-image-163\"\/><\/figure>\n\n\n\n<h3 class=\"wp-block-heading has-text-align-center\" style=\"margin-top:16px\">Metodolog\u00eda<\/h3>\n\n\n\n<p class=\"has-text-align-center\">Para alcanzar el objetivo, se enfoca el proceso con orden, cercan\u00eda y una metodolog\u00eda contrastada. <\/p>\n<\/div>\n\n\n\n<div class=\"wp-block-column is-layout-flow wp-container-13\">\n<figure class=\"wp-block-image aligncenter size-large\"><img decoding=\"async\" src=\"https:\/\/globalegm.com\/wp-content\/themes\/astra\/inc\/assets\/images\/starter-content\/support.svg\" alt=\"\" class=\"wp-image-164\"\/><\/figure>\n\n\n\n<h3 class=\"wp-block-heading has-text-align-center\" style=\"margin-top:16px\">Resultados<\/h3>\n\n\n\n<p class=\"has-text-align-center\">Seguimiento y an\u00e1lisis activo de todos los proyectos para asegurar que se llega al objetivo deseado.<\/p>\n<\/div>\n<\/div>\n<\/div>\n\n\n\n<div class=\"wp-block-group alignfull has-ast-global-color-4-background-color has-background is-layout-constrained wp-container-16\" id=\"reviews\" style=\"padding-top:var(--wp--preset--spacing--20)\">\n<figure class=\"wp-block-image aligncenter size-full\"><img decoding=\"async\" src=\"https:\/\/globalegm.com\/wp-content\/uploads\/2023\/06\/foto-rocky-1-2.svg\" alt=\"\" class=\"wp-image-481\"\/><\/figure>\n\n\n\n<p class=\"has-text-align-center\" style=\"margin-top:0px;margin-right:0px;margin-bottom:0px;margin-left:0px;font-size:22px;line-height:1.6\">\u201cSi sabes lo que vales, ve y consigue lo que mereces, pero tendr\u00e1s que aguantar los golpes. Seguir cuando crees que no puedes m\u00e1s, es lo que te hace diferente.\u201d<\/p>\n\n\n\n<p class=\"has-text-align-center\"><strong>Rocky Balboa<\/strong><\/p>\n<\/div>\n\n\n\n<div class=\"wp-block-group alignfull has-background is-layout-constrained wp-container-18\" id=\"contact\" style=\"background:linear-gradient(35deg,rgb(6,0,151) 0%,rgb(130,4,255) 64%,rgb(193,15,255) 98%);padding-top:104px;padding-bottom:104px\">\n<h2 class=\"wp-block-heading has-text-align-center has-text-color\" style=\"color:#ffffff\"><img decoding=\"async\" loading=\"lazy\" width=\"820\" height=\"649\" class=\"wp-image-143\" style=\"width: 100px;\" src=\"http:\/\/globalegm.com\/wp-content\/uploads\/2023\/05\/logo2_black.png\" alt=\"\" srcset=\"https:\/\/globalegm.com\/wp-content\/uploads\/2023\/05\/logo2_black.png 820w, https:\/\/globalegm.com\/wp-content\/uploads\/2023\/05\/logo2_black-300x237.png 300w, https:\/\/globalegm.com\/wp-content\/uploads\/2023\/05\/logo2_black-768x608.png 768w\" sizes=\"(max-width: 820px) 100vw, 820px\" \/><\/h2>\n\n\n\n<h2 class=\"wp-block-heading has-text-align-center has-text-color\" style=\"color:#ffffff\">\u00abNo es tu aptitud, sino tu actitud, lo que determina tu altitud\u00bb   <\/h2>\n\n\n\n<div class=\"wp-block-buttons alignwide is-horizontal is-content-justification-center is-layout-flex wp-container-17\" style=\"margin-top:50px\">\n<div class=\"wp-block-button\"><a class=\"wp-block-button__link wp-element-button\" href=\"https:\/\/globalegm.com\/\"><strong><em>Enjoy<\/em><\/strong><\/a><\/div>\n<\/div>\n<\/div>\n","protected":false},"excerpt":{"rendered":"<p>Principios de globalEGM Actitud GlobalEGM se basa en pasi\u00f3n y actitud positiva con todos sus [&hellip;]<\/p>\n","protected":false},"author":1,"featured_media":0,"parent":0,"menu_order":0,"comment_status":"closed","ping_status":"closed","template":"","meta":[],"_links":{"self":[{"href":"https:\/\/globalegm.com\/index.php?rest_route=\/wp\/v2\/pages\/12"}],"collection":[{"href":"https:\/\/globalegm.com\/index.php?rest_route=\/wp\/v2\/pages"}],"about":[{"href":"https:\/\/globalegm.com\/index.php?rest_route=\/wp\/v2\/types\/page"}],"author":[{"embeddable":true,"href":"https:\/\/globalegm.com\/index.php?rest_route=\/wp\/v2\/users\/1"}],"replies":[{"embeddable":true,"href":"https:\/\/globalegm.com\/index.php?rest_route=%2Fwp%2Fv2%2Fcomments&post=12"}],"version-history":[{"count":118,"href":"https:\/\/globalegm.com\/index.php?rest_route=\/wp\/v2\/pages\/12\/revisions"}],"predecessor-version":[{"id":500,"href":"https:\/\/globalegm.com\/index.php?rest_route=\/wp\/v2\/pages\/12\/revisions\/500"}],"wp:attachment":[{"href":"https:\/\/globalegm.com\/index.php?rest_route=%2Fwp%2Fv2%2Fmedia&parent=12"}],"curies":[{"name":"wp","href":"https:\/\/api.w.org\/{rel}","templated":true}]}}